{"id":1578,"date":"2025-03-18T07:26:52","date_gmt":"2025-03-18T07:26:52","guid":{"rendered":"https:\/\/skelet.si\/?page_id=1578"},"modified":"2026-04-07T16:03:53","modified_gmt":"2026-04-07T16:03:53","slug":"ostali-stroji-najem-2","status":"publish","type":"page","link":"https:\/\/skelet.si\/?page_id=1578","title":{"rendered":"Ostali stroji -NAJEM"},"content":{"rendered":"<div class=\"wp-block-media-text is-stacked-on-mobile is-vertically-aligned-top has-luminous-vivid-amber-background-color has-background\" style=\"grid-template-columns:48% auto\"><figure class=\"wp-block-media-text__media\"><img fetchpriority=\"high\" decoding=\"async\" width=\"724\" height=\"1024\" src=\"https:\/\/skelet.si\/wp-content\/uploads\/2025\/04\/IMG_0821-splet3-1-724x1024.jpg\" alt=\"\" class=\"wp-image-1643 size-full\" srcset=\"https:\/\/skelet.si\/wp-content\/uploads\/2025\/04\/IMG_0821-splet3-1-724x1024.jpg 724w, https:\/\/skelet.si\/wp-content\/uploads\/2025\/04\/IMG_0821-splet3-1-212x300.jpg 212w, https:\/\/skelet.si\/wp-content\/uploads\/2025\/04\/IMG_0821-splet3-1-768x1086.jpg 768w, https:\/\/skelet.si\/wp-content\/uploads\/2025\/04\/IMG_0821-splet3-1-1086x1536.jpg 1086w, https:\/\/skelet.si\/wp-content\/uploads\/2025\/04\/IMG_0821-splet3-1-1448x2048.jpg 1448w, https:\/\/skelet.si\/wp-content\/uploads\/2025\/04\/IMG_0821-splet3-1-600x849.jpg 600w, https:\/\/skelet.si\/wp-content\/uploads\/2025\/04\/IMG_0821-splet3-1-scaled.jpg 1810w\" sizes=\"(max-width: 724px) 100vw, 724px\" \/><\/figure><div class=\"wp-block-media-text__content\"><p class=\"has-white-color has-text-color has-link-color has-large-font-size wp-elements-54a34cae40a3e8d20845f8c43353b0eb\"><strong>WACKER NEUSON<\/strong><\/p>\n\n<p class=\"has-white-color has-text-color has-link-color has-medium-font-size wp-elements-c191b291c736cda9c6c7d21662ac8211\"><strong>Vibracijska plo\u0161\u010da &#8211; \u017eaba 100kg<\/strong><\/p>\n\n<p class=\"has-white-color has-text-color has-link-color has-small-font-size wp-elements-35ecc1dc8a5795649daedbffcea3ab28\"><strong>Masa 100kg<\/strong><\/p>\n\n<p class=\"has-white-color has-text-color has-link-color has-small-font-size wp-elements-3b47950af4b0ea1cfa792b0b80e425d2\"><strong>Centrifugalna sila 20kN<\/strong><\/p>\n\n<p class=\"has-white-color has-text-color has-link-color has-small-font-size wp-elements-0e8dfce4d92b6ca6a2a5b8275db0a385\"><strong>Dim. plo\u0161\u010de 500mm x 600mm<\/strong><\/p><\/div><\/div><p><\/p><div class=\"wp-block-media-text is-stacked-on-mobile is-vertically-aligned-top has-luminous-vivid-amber-background-color has-background\" style=\"grid-template-columns:69% auto\"><figure class=\"wp-block-media-text__media\"><img decoding=\"async\" width=\"1024\" height=\"1024\" src=\"https:\/\/skelet.si\/wp-content\/uploads\/2025\/05\/Dryfast_DF800-1024x1024.png\" alt=\"\" class=\"wp-image-1677 size-full\" srcset=\"https:\/\/skelet.si\/wp-content\/uploads\/2025\/05\/Dryfast_DF800-1024x1024.png 1024w, https:\/\/skelet.si\/wp-content\/uploads\/2025\/05\/Dryfast_DF800-300x300.png 300w, https:\/\/skelet.si\/wp-content\/uploads\/2025\/05\/Dryfast_DF800-150x150.png 150w, https:\/\/skelet.si\/wp-content\/uploads\/2025\/05\/Dryfast_DF800-768x768.png 768w, https:\/\/skelet.si\/wp-content\/uploads\/2025\/05\/Dryfast_DF800-600x600.png 600w, https:\/\/skelet.si\/wp-content\/uploads\/2025\/05\/Dryfast_DF800-100x100.png 100w, https:\/\/skelet.si\/wp-content\/uploads\/2025\/05\/Dryfast_DF800.png 1400w\" sizes=\"(max-width: 1024px) 100vw, 1024px\" \/><\/figure><div class=\"wp-block-media-text__content\"><p class=\"has-white-color has-text-color has-link-color has-large-font-size wp-elements-c136023c807392302d74fa9af1eb8d6d\"><strong>DRYFAST<\/strong><\/p>\n\n<p class=\"has-white-color has-text-color has-link-color has-medium-font-size wp-elements-f7d63fa9917cee5e0717cdd7bc3e1296\"><strong>Industrijski razvla\u017eevalec zraka<\/strong><\/p>\n\n<p class=\"has-white-color has-text-color has-link-color has-small-font-size wp-elements-ea8e817edaa99c905b26704931d1b238\"><strong>Masa 66kg<\/strong><\/p>\n\n<p class=\"has-white-color has-text-color has-link-color has-small-font-size wp-elements-400f6fc22e71b42dbbda645e65d1ceaf\"><strong>Dimenzije 1000x650x580mm<\/strong><\/p>\n\n<p class=\"has-white-color has-text-color has-link-color has-small-font-size wp-elements-c2a41d7761059fd78f65417f57aa0a45\"><\/p>\n\n<p class=\"has-white-color has-text-color has-link-color has-small-font-size wp-elements-c2a41d7761059fd78f65417f57aa0a45\"><\/p>\n\n<p><\/p><\/div><\/div><p><\/p>","protected":false},"excerpt":{"rendered":"<p>WACKER NEUSON Vibracijska plo\u0161\u010da &#8211; \u017eaba 100kg Masa 100kg Centrifugalna sila 20kN Dim. plo\u0161\u010de 500mm x 600mm DRYFAST Industrijski razvla\u017eevalec zraka Masa 66kg Dimenzije 1000x650x580mm<\/p>\n","protected":false},"author":1,"featured_media":0,"parent":0,"menu_order":0,"comment_status":"closed","ping_status":"closed","template":"","meta":{"footnotes":""},"class_list":["post-1578","page","type-page","status-publish","hentry","texture-woo-product-list","opn-qv-enable","automobile-elementor-woo-hover-","open-single-product-tab-horizontal","open-shadow-","open-shadow-hover-"],"yoast_head":"<!-- This site is optimized with the Yoast SEO plugin v26.1.1 - https:\/\/yoast.com\/wordpress\/plugins\/seo\/ -->\n<title>Ostali stroji -NAJEM -<\/title>\n<meta name=\"robots\" content=\"index, follow, max-snippet:-1, max-image-preview:large, max-video-preview:-1\" \/>\n<link rel=\"canonical\" href=\"https:\/\/skelet.si\/?page_id=1578\" \/>\n<meta property=\"og:locale\" content=\"en_US\" \/>\n<meta property=\"og:type\" content=\"article\" \/>\n<meta property=\"og:title\" content=\"Ostali stroji -NAJEM -\" \/>\n<meta property=\"og:description\" content=\"WACKER NEUSON Vibracijska plo\u0161\u010da &#8211; \u017eaba 100kg Masa 100kg Centrifugalna sila 20kN Dim. plo\u0161\u010de 500mm x 600mm DRYFAST Industrijski razvla\u017eevalec zraka Masa 66kg Dimenzije 1000x650x580mm\" \/>\n<meta property=\"og:url\" content=\"https:\/\/skelet.si\/?page_id=1578\" \/>\n<meta property=\"article:publisher\" content=\"https:\/\/www.facebook.com\/profile.php?id=61573910116439\" \/>\n<meta property=\"article:modified_time\" content=\"2026-04-07T16:03:53+00:00\" \/>\n<meta property=\"og:image\" content=\"https:\/\/skelet.si\/wp-content\/uploads\/2025\/04\/IMG_0821-splet3-1-scaled.jpg\" \/>\n\t<meta property=\"og:image:width\" content=\"1810\" \/>\n\t<meta property=\"og:image:height\" content=\"2560\" \/>\n\t<meta property=\"og:image:type\" content=\"image\/jpeg\" \/>\n<meta name=\"twitter:card\" content=\"summary_large_image\" \/>\n<meta name=\"twitter:label1\" content=\"Est. reading time\" \/>\n\t<meta name=\"twitter:data1\" content=\"1 minute\" \/>\n<script type=\"application\/ld+json\" class=\"yoast-schema-graph\">{\"@context\":\"https:\/\/schema.org\",\"@graph\":[{\"@type\":\"WebPage\",\"@id\":\"https:\/\/skelet.si\/?page_id=1578\",\"url\":\"https:\/\/skelet.si\/?page_id=1578\",\"name\":\"Ostali stroji -NAJEM -\",\"isPartOf\":{\"@id\":\"https:\/\/skelet.si\/#website\"},\"primaryImageOfPage\":{\"@id\":\"https:\/\/skelet.si\/?page_id=1578#primaryimage\"},\"image\":{\"@id\":\"https:\/\/skelet.si\/?page_id=1578#primaryimage\"},\"thumbnailUrl\":\"https:\/\/skelet.si\/wp-content\/uploads\/2025\/04\/IMG_0821-splet3-1-724x1024.jpg\",\"datePublished\":\"2025-03-18T07:26:52+00:00\",\"dateModified\":\"2026-04-07T16:03:53+00:00\",\"breadcrumb\":{\"@id\":\"https:\/\/skelet.si\/?page_id=1578#breadcrumb\"},\"inLanguage\":\"en-US\",\"potentialAction\":[{\"@type\":\"ReadAction\",\"target\":[\"https:\/\/skelet.si\/?page_id=1578\"]}]},{\"@type\":\"ImageObject\",\"inLanguage\":\"en-US\",\"@id\":\"https:\/\/skelet.si\/?page_id=1578#primaryimage\",\"url\":\"https:\/\/skelet.si\/wp-content\/uploads\/2025\/04\/IMG_0821-splet3-1-scaled.jpg\",\"contentUrl\":\"https:\/\/skelet.si\/wp-content\/uploads\/2025\/04\/IMG_0821-splet3-1-scaled.jpg\",\"width\":1810,\"height\":2560},{\"@type\":\"BreadcrumbList\",\"@id\":\"https:\/\/skelet.si\/?page_id=1578#breadcrumb\",\"itemListElement\":[{\"@type\":\"ListItem\",\"position\":1,\"name\":\"Home\",\"item\":\"https:\/\/skelet.si\/\"},{\"@type\":\"ListItem\",\"position\":2,\"name\":\"Ostali stroji -NAJEM\"}]},{\"@type\":\"WebSite\",\"@id\":\"https:\/\/skelet.si\/#website\",\"url\":\"https:\/\/skelet.si\/\",\"name\":\"SKELET\",\"description\":\"Podjetje za izposojo in prodajo strojev \",\"publisher\":{\"@id\":\"https:\/\/skelet.si\/#organization\"},\"potentialAction\":[{\"@type\":\"SearchAction\",\"target\":{\"@type\":\"EntryPoint\",\"urlTemplate\":\"https:\/\/skelet.si\/?s={search_term_string}\"},\"query-input\":{\"@type\":\"PropertyValueSpecification\",\"valueRequired\":true,\"valueName\":\"search_term_string\"}}],\"inLanguage\":\"en-US\"},{\"@type\":\"Organization\",\"@id\":\"https:\/\/skelet.si\/#organization\",\"name\":\"SKELET Jurij Golob s.p.\",\"url\":\"https:\/\/skelet.si\/\",\"logo\":{\"@type\":\"ImageObject\",\"inLanguage\":\"en-US\",\"@id\":\"https:\/\/skelet.si\/#\/schema\/logo\/image\/\",\"url\":\"https:\/\/skelet.si\/wp-content\/uploads\/2025\/01\/cropped-SKELET-LOGO-C-TISK.jpg\",\"contentUrl\":\"https:\/\/skelet.si\/wp-content\/uploads\/2025\/01\/cropped-SKELET-LOGO-C-TISK.jpg\",\"width\":1429,\"height\":482,\"caption\":\"SKELET Jurij Golob s.p.\"},\"image\":{\"@id\":\"https:\/\/skelet.si\/#\/schema\/logo\/image\/\"},\"sameAs\":[\"https:\/\/www.facebook.com\/profile.php?id=61573910116439\"]}]}<\/script>\n<!-- \/ Yoast SEO plugin. -->","yoast_head_json":{"title":"Ostali stroji -NAJEM -","robots":{"index":"index","follow":"follow","max-snippet":"max-snippet:-1","max-image-preview":"max-image-preview:large","max-video-preview":"max-video-preview:-1"},"canonical":"https:\/\/skelet.si\/?page_id=1578","og_locale":"en_US","og_type":"article","og_title":"Ostali stroji -NAJEM -","og_description":"WACKER NEUSON Vibracijska plo\u0161\u010da &#8211; \u017eaba 100kg Masa 100kg Centrifugalna sila 20kN Dim. plo\u0161\u010de 500mm x 600mm DRYFAST Industrijski razvla\u017eevalec zraka Masa 66kg Dimenzije 1000x650x580mm","og_url":"https:\/\/skelet.si\/?page_id=1578","article_publisher":"https:\/\/www.facebook.com\/profile.php?id=61573910116439","article_modified_time":"2026-04-07T16:03:53+00:00","og_image":[{"width":1810,"height":2560,"url":"https:\/\/skelet.si\/wp-content\/uploads\/2025\/04\/IMG_0821-splet3-1-scaled.jpg","type":"image\/jpeg"}],"twitter_card":"summary_large_image","twitter_misc":{"Est. reading time":"1 minute"},"schema":{"@context":"https:\/\/schema.org","@graph":[{"@type":"WebPage","@id":"https:\/\/skelet.si\/?page_id=1578","url":"https:\/\/skelet.si\/?page_id=1578","name":"Ostali stroji -NAJEM -","isPartOf":{"@id":"https:\/\/skelet.si\/#website"},"primaryImageOfPage":{"@id":"https:\/\/skelet.si\/?page_id=1578#primaryimage"},"image":{"@id":"https:\/\/skelet.si\/?page_id=1578#primaryimage"},"thumbnailUrl":"https:\/\/skelet.si\/wp-content\/uploads\/2025\/04\/IMG_0821-splet3-1-724x1024.jpg","datePublished":"2025-03-18T07:26:52+00:00","dateModified":"2026-04-07T16:03:53+00:00","breadcrumb":{"@id":"https:\/\/skelet.si\/?page_id=1578#breadcrumb"},"inLanguage":"en-US","potentialAction":[{"@type":"ReadAction","target":["https:\/\/skelet.si\/?page_id=1578"]}]},{"@type":"ImageObject","inLanguage":"en-US","@id":"https:\/\/skelet.si\/?page_id=1578#primaryimage","url":"https:\/\/skelet.si\/wp-content\/uploads\/2025\/04\/IMG_0821-splet3-1-scaled.jpg","contentUrl":"https:\/\/skelet.si\/wp-content\/uploads\/2025\/04\/IMG_0821-splet3-1-scaled.jpg","width":1810,"height":2560},{"@type":"BreadcrumbList","@id":"https:\/\/skelet.si\/?page_id=1578#breadcrumb","itemListElement":[{"@type":"ListItem","position":1,"name":"Home","item":"https:\/\/skelet.si\/"},{"@type":"ListItem","position":2,"name":"Ostali stroji -NAJEM"}]},{"@type":"WebSite","@id":"https:\/\/skelet.si\/#website","url":"https:\/\/skelet.si\/","name":"SKELET","description":"Podjetje za izposojo in prodajo strojev ","publisher":{"@id":"https:\/\/skelet.si\/#organization"},"potentialAction":[{"@type":"SearchAction","target":{"@type":"EntryPoint","urlTemplate":"https:\/\/skelet.si\/?s={search_term_string}"},"query-input":{"@type":"PropertyValueSpecification","valueRequired":true,"valueName":"search_term_string"}}],"inLanguage":"en-US"},{"@type":"Organization","@id":"https:\/\/skelet.si\/#organization","name":"SKELET Jurij Golob s.p.","url":"https:\/\/skelet.si\/","logo":{"@type":"ImageObject","inLanguage":"en-US","@id":"https:\/\/skelet.si\/#\/schema\/logo\/image\/","url":"https:\/\/skelet.si\/wp-content\/uploads\/2025\/01\/cropped-SKELET-LOGO-C-TISK.jpg","contentUrl":"https:\/\/skelet.si\/wp-content\/uploads\/2025\/01\/cropped-SKELET-LOGO-C-TISK.jpg","width":1429,"height":482,"caption":"SKELET Jurij Golob s.p."},"image":{"@id":"https:\/\/skelet.si\/#\/schema\/logo\/image\/"},"sameAs":["https:\/\/www.facebook.com\/profile.php?id=61573910116439"]}]}},"_links":{"self":[{"href":"https:\/\/skelet.si\/index.php?rest_route=\/wp\/v2\/pages\/1578","targetHints":{"allow":["GET"]}}],"collection":[{"href":"https:\/\/skelet.si\/index.php?rest_route=\/wp\/v2\/pages"}],"about":[{"href":"https:\/\/skelet.si\/index.php?rest_route=\/wp\/v2\/types\/page"}],"author":[{"embeddable":true,"href":"https:\/\/skelet.si\/index.php?rest_route=\/wp\/v2\/users\/1"}],"replies":[{"embeddable":true,"href":"https:\/\/skelet.si\/index.php?rest_route=%2Fwp%2Fv2%2Fcomments&post=1578"}],"version-history":[{"count":31,"href":"https:\/\/skelet.si\/index.php?rest_route=\/wp\/v2\/pages\/1578\/revisions"}],"predecessor-version":[{"id":1937,"href":"https:\/\/skelet.si\/index.php?rest_route=\/wp\/v2\/pages\/1578\/revisions\/1937"}],"wp:attachment":[{"href":"https:\/\/skelet.si\/index.php?rest_route=%2Fwp%2Fv2%2Fmedia&parent=1578"}],"curies":[{"name":"wp","href":"https:\/\/api.w.org\/{rel}","templated":true}]}}